{"id":44,"date":"2021-08-25T20:24:21","date_gmt":"2021-08-25T17:24:21","guid":{"rendered":"https:\/\/islamiilimler297764845.wordpress.com\/?page_id=44"},"modified":"2022-09-26T21:05:20","modified_gmt":"2022-09-26T18:05:20","slug":"projelerimiz","status":"publish","type":"page","link":"https:\/\/islamiilimler.org.tr\/?page_id=44","title":{"rendered":"Projelerimiz"},"content":{"rendered":"\n<p class=\"has-text-align-center has-large-font-size\"><strong>ETK\u0130NL\u0130KLER\u0130M\u0130Z<\/strong><\/p>\n\n\n\n<p class=\"has-text-align-center has-colibri-color-6-color has-text-color has-medium-font-size\">Din\u00ee, ilm\u00ee, tarih\u00ee, fikr\u00ee, k\u00fclt\u00fcrel ve edeb\u00ee eserlerin telif veya terc\u00fcme edilmesini yazma eserlerin tahkik ve ne\u015fredilmesini sa\u011flamay\u0131; bu hususta yar\u0131\u015fmalar d\u00fczenlemeyi, ara\u015ft\u0131rmalar yapt\u0131rmay\u0131, telif, tahkik ve terc\u00fcme eserleri yay\u0131mlamay\u0131; Bu c\u00fcmleden olmak \u00fczere bilimsel de\u011feri olan her t\u00fcrl\u00fc kitap, makale, dergi, ders notu, ara\u015ft\u0131rma sonu\u00e7lar\u0131n\u0131 bas\u0131n yay\u0131n, \u00e7o\u011faltma faaliyetlerinde bulunmay\u0131, kongreler ve konferanslar, sempozyumlar, seminerler kurslar ve sergiler d\u00fczenlemeyi vakf\u0131m\u0131z kendine gaye edinmi\u015ftir.<\/p>\n","protected":false},"excerpt":{"rendered":"<p>ETK\u0130NL\u0130KLER\u0130M\u0130Z Din\u00ee, ilm\u00ee, tarih\u00ee, fikr\u00ee, k\u00fclt\u00fcrel ve edeb\u00ee eserlerin telif veya terc\u00fcme edilmesini yazma eserlerin tahkik ve ne\u015fredilmesini sa\u011flamay\u0131; bu hususta yar\u0131\u015fmalar d\u00fczenlemeyi, ara\u015ft\u0131rmalar yapt\u0131rmay\u0131, telif, tahkik ve terc\u00fcme eserleri yay\u0131mlamay\u0131; Bu c\u00fcmleden olmak \u00fczere bilimsel de\u011feri olan her t\u00fcrl\u00fc kitap, makale, dergi, ders notu, ara\u015ft\u0131rma sonu\u00e7lar\u0131n\u0131 bas\u0131n yay\u0131n, \u00e7o\u011faltma faaliyetlerinde bulunmay\u0131, kongreler ve konferanslar, [&hellip;]<\/p>\n","protected":false},"author":1,"featured_media":0,"parent":0,"menu_order":0,"comment_status":"closed","ping_status":"closed","template":"","meta":{"_starter_page_template":"","footnotes":""},"class_list":["post-44","page","type-page","status-publish","hentry"],"yoast_head":"<!-- This site is optimized with the Yoast SEO plugin v27.5 - https:\/\/yoast.com\/product\/yoast-seo-wordpress\/ -->\n<title>Projelerimiz - Giresun \u0130slami \u0130limler Vakf\u0131<\/title>\n<meta name=\"robots\" content=\"index, follow, max-snippet:-1, max-image-preview:large, max-video-preview:-1\" \/>\n<link rel=\"canonical\" href=\"https:\/\/islamiilimler.org.tr\/?page_id=44\" \/>\n<meta property=\"og:locale\" content=\"tr_TR\" \/>\n<meta property=\"og:type\" content=\"article\" \/>\n<meta property=\"og:title\" content=\"Projelerimiz - Giresun \u0130slami \u0130limler Vakf\u0131\" \/>\n<meta property=\"og:description\" content=\"ETK\u0130NL\u0130KLER\u0130M\u0130Z Din\u00ee, ilm\u00ee, tarih\u00ee, fikr\u00ee, k\u00fclt\u00fcrel ve edeb\u00ee eserlerin telif veya terc\u00fcme edilmesini yazma eserlerin tahkik ve ne\u015fredilmesini sa\u011flamay\u0131; bu hususta yar\u0131\u015fmalar d\u00fczenlemeyi, ara\u015ft\u0131rmalar yapt\u0131rmay\u0131, telif, tahkik ve terc\u00fcme eserleri yay\u0131mlamay\u0131; Bu c\u00fcmleden olmak \u00fczere bilimsel de\u011feri olan her t\u00fcrl\u00fc kitap, makale, dergi, ders notu, ara\u015ft\u0131rma sonu\u00e7lar\u0131n\u0131 bas\u0131n yay\u0131n, \u00e7o\u011faltma faaliyetlerinde bulunmay\u0131, kongreler ve konferanslar, [&hellip;]\" \/>\n<meta property=\"og:url\" content=\"https:\/\/islamiilimler.org.tr\/?page_id=44\" \/>\n<meta property=\"og:site_name\" content=\"Giresun \u0130slami \u0130limler Vakf\u0131\" \/>\n<meta property=\"article:modified_time\" content=\"2022-09-26T18:05:20+00:00\" \/>\n<meta name=\"twitter:card\" content=\"summary_large_image\" \/>\n<meta name=\"twitter:label1\" content=\"Tahmini okuma s\u00fcresi\" \/>\n\t<meta name=\"twitter:data1\" content=\"1 dakika\" \/>\n<script type=\"application\/ld+json\" class=\"yoast-schema-graph\">{\"@context\":\"https:\\\/\\\/schema.org\",\"@graph\":[{\"@type\":\"WebPage\",\"@id\":\"https:\\\/\\\/islamiilimler.org.tr\\\/?page_id=44\",\"url\":\"https:\\\/\\\/islamiilimler.org.tr\\\/?page_id=44\",\"name\":\"Projelerimiz - Giresun \u0130slami \u0130limler Vakf\u0131\",\"isPartOf\":{\"@id\":\"https:\\\/\\\/islamiilimler.org.tr\\\/#website\"},\"datePublished\":\"2021-08-25T17:24:21+00:00\",\"dateModified\":\"2022-09-26T18:05:20+00:00\",\"breadcrumb\":{\"@id\":\"https:\\\/\\\/islamiilimler.org.tr\\\/?page_id=44#breadcrumb\"},\"inLanguage\":\"tr\",\"potentialAction\":[{\"@type\":\"ReadAction\",\"target\":[\"https:\\\/\\\/islamiilimler.org.tr\\\/?page_id=44\"]}]},{\"@type\":\"BreadcrumbList\",\"@id\":\"https:\\\/\\\/islamiilimler.org.tr\\\/?page_id=44#breadcrumb\",\"itemListElement\":[{\"@type\":\"ListItem\",\"position\":1,\"name\":\"Anasayfa\",\"item\":\"https:\\\/\\\/islamiilimler.org.tr\\\/\"},{\"@type\":\"ListItem\",\"position\":2,\"name\":\"Projelerimiz\"}]},{\"@type\":\"WebSite\",\"@id\":\"https:\\\/\\\/islamiilimler.org.tr\\\/#website\",\"url\":\"https:\\\/\\\/islamiilimler.org.tr\\\/\",\"name\":\"Giresun \u0130slami \u0130limler Vakf\u0131\",\"description\":\"Hac\u0131siyam Mahallesi Atat\u00fcrk Bulvar\u0131 Fatih Apartman\u0131 No 65\\\/2 Kat 1 Daire 2 Giresun \\\/ Merkez T\u00fcrkiye GSM 1: 0535 463 6904 GSM 2: 0505 581 3395\",\"publisher\":{\"@id\":\"https:\\\/\\\/islamiilimler.org.tr\\\/#organization\"},\"potentialAction\":[{\"@type\":\"SearchAction\",\"target\":{\"@type\":\"EntryPoint\",\"urlTemplate\":\"https:\\\/\\\/islamiilimler.org.tr\\\/?s={search_term_string}\"},\"query-input\":{\"@type\":\"PropertyValueSpecification\",\"valueRequired\":true,\"valueName\":\"search_term_string\"}}],\"inLanguage\":\"tr\"},{\"@type\":\"Organization\",\"@id\":\"https:\\\/\\\/islamiilimler.org.tr\\\/#organization\",\"name\":\"Giresun \u0130slami \u0130limler Vakf\u0131\",\"url\":\"https:\\\/\\\/islamiilimler.org.tr\\\/\",\"logo\":{\"@type\":\"ImageObject\",\"inLanguage\":\"tr\",\"@id\":\"https:\\\/\\\/islamiilimler.org.tr\\\/#\\\/schema\\\/logo\\\/image\\\/\",\"url\":\"https:\\\/\\\/islamiilimler.org.tr\\\/wp-content\\\/uploads\\\/2022\\\/09\\\/cropped-logo-1.png\",\"contentUrl\":\"https:\\\/\\\/islamiilimler.org.tr\\\/wp-content\\\/uploads\\\/2022\\\/09\\\/cropped-logo-1.png\",\"width\":1500,\"height\":1500,\"caption\":\"Giresun \u0130slami \u0130limler Vakf\u0131\"},\"image\":{\"@id\":\"https:\\\/\\\/islamiilimler.org.tr\\\/#\\\/schema\\\/logo\\\/image\\\/\"}}]}<\/script>\n<!-- \/ Yoast SEO plugin. -->","yoast_head_json":{"title":"Projelerimiz - Giresun \u0130slami \u0130limler Vakf\u0131","robots":{"index":"index","follow":"follow","max-snippet":"max-snippet:-1","max-image-preview":"max-image-preview:large","max-video-preview":"max-video-preview:-1"},"canonical":"https:\/\/islamiilimler.org.tr\/?page_id=44","og_locale":"tr_TR","og_type":"article","og_title":"Projelerimiz - Giresun \u0130slami \u0130limler Vakf\u0131","og_description":"ETK\u0130NL\u0130KLER\u0130M\u0130Z Din\u00ee, ilm\u00ee, tarih\u00ee, fikr\u00ee, k\u00fclt\u00fcrel ve edeb\u00ee eserlerin telif veya terc\u00fcme edilmesini yazma eserlerin tahkik ve ne\u015fredilmesini sa\u011flamay\u0131; bu hususta yar\u0131\u015fmalar d\u00fczenlemeyi, ara\u015ft\u0131rmalar yapt\u0131rmay\u0131, telif, tahkik ve terc\u00fcme eserleri yay\u0131mlamay\u0131; Bu c\u00fcmleden olmak \u00fczere bilimsel de\u011feri olan her t\u00fcrl\u00fc kitap, makale, dergi, ders notu, ara\u015ft\u0131rma sonu\u00e7lar\u0131n\u0131 bas\u0131n yay\u0131n, \u00e7o\u011faltma faaliyetlerinde bulunmay\u0131, kongreler ve konferanslar, [&hellip;]","og_url":"https:\/\/islamiilimler.org.tr\/?page_id=44","og_site_name":"Giresun \u0130slami \u0130limler Vakf\u0131","article_modified_time":"2022-09-26T18:05:20+00:00","twitter_card":"summary_large_image","twitter_misc":{"Tahmini okuma s\u00fcresi":"1 dakika"},"schema":{"@context":"https:\/\/schema.org","@graph":[{"@type":"WebPage","@id":"https:\/\/islamiilimler.org.tr\/?page_id=44","url":"https:\/\/islamiilimler.org.tr\/?page_id=44","name":"Projelerimiz - Giresun \u0130slami \u0130limler Vakf\u0131","isPartOf":{"@id":"https:\/\/islamiilimler.org.tr\/#website"},"datePublished":"2021-08-25T17:24:21+00:00","dateModified":"2022-09-26T18:05:20+00:00","breadcrumb":{"@id":"https:\/\/islamiilimler.org.tr\/?page_id=44#breadcrumb"},"inLanguage":"tr","potentialAction":[{"@type":"ReadAction","target":["https:\/\/islamiilimler.org.tr\/?page_id=44"]}]},{"@type":"BreadcrumbList","@id":"https:\/\/islamiilimler.org.tr\/?page_id=44#breadcrumb","itemListElement":[{"@type":"ListItem","position":1,"name":"Anasayfa","item":"https:\/\/islamiilimler.org.tr\/"},{"@type":"ListItem","position":2,"name":"Projelerimiz"}]},{"@type":"WebSite","@id":"https:\/\/islamiilimler.org.tr\/#website","url":"https:\/\/islamiilimler.org.tr\/","name":"Giresun \u0130slami \u0130limler Vakf\u0131","description":"Hac\u0131siyam Mahallesi Atat\u00fcrk Bulvar\u0131 Fatih Apartman\u0131 No 65\/2 Kat 1 Daire 2 Giresun \/ Merkez T\u00fcrkiye GSM 1: 0535 463 6904 GSM 2: 0505 581 3395","publisher":{"@id":"https:\/\/islamiilimler.org.tr\/#organization"},"potentialAction":[{"@type":"SearchAction","target":{"@type":"EntryPoint","urlTemplate":"https:\/\/islamiilimler.org.tr\/?s={search_term_string}"},"query-input":{"@type":"PropertyValueSpecification","valueRequired":true,"valueName":"search_term_string"}}],"inLanguage":"tr"},{"@type":"Organization","@id":"https:\/\/islamiilimler.org.tr\/#organization","name":"Giresun \u0130slami \u0130limler Vakf\u0131","url":"https:\/\/islamiilimler.org.tr\/","logo":{"@type":"ImageObject","inLanguage":"tr","@id":"https:\/\/islamiilimler.org.tr\/#\/schema\/logo\/image\/","url":"https:\/\/islamiilimler.org.tr\/wp-content\/uploads\/2022\/09\/cropped-logo-1.png","contentUrl":"https:\/\/islamiilimler.org.tr\/wp-content\/uploads\/2022\/09\/cropped-logo-1.png","width":1500,"height":1500,"caption":"Giresun \u0130slami \u0130limler Vakf\u0131"},"image":{"@id":"https:\/\/islamiilimler.org.tr\/#\/schema\/logo\/image\/"}}]}},"_links":{"self":[{"href":"https:\/\/islamiilimler.org.tr\/index.php?rest_route=\/wp\/v2\/pages\/44","targetHints":{"allow":["GET"]}}],"collection":[{"href":"https:\/\/islamiilimler.org.tr\/index.php?rest_route=\/wp\/v2\/pages"}],"about":[{"href":"https:\/\/islamiilimler.org.tr\/index.php?rest_route=\/wp\/v2\/types\/page"}],"author":[{"embeddable":true,"href":"https:\/\/islamiilimler.org.tr\/index.php?rest_route=\/wp\/v2\/users\/1"}],"replies":[{"embeddable":true,"href":"https:\/\/islamiilimler.org.tr\/index.php?rest_route=%2Fwp%2Fv2%2Fcomments&post=44"}],"version-history":[{"count":3,"href":"https:\/\/islamiilimler.org.tr\/index.php?rest_route=\/wp\/v2\/pages\/44\/revisions"}],"predecessor-version":[{"id":1681,"href":"https:\/\/islamiilimler.org.tr\/index.php?rest_route=\/wp\/v2\/pages\/44\/revisions\/1681"}],"wp:attachment":[{"href":"https:\/\/islamiilimler.org.tr\/index.php?rest_route=%2Fwp%2Fv2%2Fmedia&parent=44"}],"curies":[{"name":"wp","href":"https:\/\/api.w.org\/{rel}","templated":true}]}}