{"id":1867,"date":"2022-11-17T21:35:10","date_gmt":"2022-11-17T18:35:10","guid":{"rendered":"https:\/\/islamiilimler.org.tr\/?page_id=1867"},"modified":"2026-02-03T23:51:57","modified_gmt":"2026-02-03T20:51:57","slug":"sempozyum-bildiri-ozetleri-kitaplari","status":"publish","type":"page","link":"https:\/\/islamiilimler.org.tr\/?page_id=1867","title":{"rendered":"Sempozyum Bildiri \u00d6zetleri Kitaplar\u0131"},"content":{"rendered":"\n<div class=\"wp-block-media-text alignwide is-stacked-on-mobile is-vertically-aligned-center\" style=\"grid-template-columns:25% auto\"><figure class=\"wp-block-media-text__media\"><img loading=\"lazy\" decoding=\"async\" width=\"505\" height=\"715\" src=\"https:\/\/islamiilimler.org.tr\/wp-content\/uploads\/2025\/12\/Ekran-goruntusu_30-12-2025_02955_.jpeg\" alt=\"\" class=\"wp-image-2569 size-large\" srcset=\"https:\/\/islamiilimler.org.tr\/wp-content\/uploads\/2025\/12\/Ekran-goruntusu_30-12-2025_02955_.jpeg 505w, https:\/\/islamiilimler.org.tr\/wp-content\/uploads\/2025\/12\/Ekran-goruntusu_30-12-2025_02955_-212x300.jpeg 212w\" sizes=\"auto, (max-width: 505px) 100vw, 505px\" \/><\/figure><div class=\"wp-block-media-text__content\">\n<p><\/p>\n\n\n\n<p><\/p>\n\n\n\n<p class=\"has-text-align-left has-colibri-color-6-color has-text-color has-medium-font-size\"><strong>Kullan\u0131c\u0131 Deneyimi Tasar\u0131m\u0131n\u0131n Teorik Temelleri \u2013 \u0645\u0628\u0627\u0646\u06cc \u0646\u0638\u0631\u06cc \u0637\u0631\u0627\u062d\u06cc \u062a\u062c\u0631\u0628\u0647 \u06a9\u0627\u0631\u0628\u0631\u06cc<\/strong><\/p>\n\n\n\n<p class=\"has-text-align-left\"><strong>Dr. Amir Dastmardi<\/strong><\/p>\n\n\n\n<p class=\"has-text-align-left\"><strong>\u0631\u06a9\u062a\u0631 \u0627\u0645\u06cc\u0631 \u062f\u0633\u062a\u0645\u0631\u062f\u06cc<\/strong><br><strong>Yazar <\/strong><\/p>\n\n\n\n<p class=\"has-text-align-left has-colibri-color-6-color has-text-color has-medium-font-size\"><br><\/p>\n\n\n\n\n\n\n\n<div class=\"wp-block-columns is-layout-flex wp-container-core-columns-is-layout-9d6595d7 wp-block-columns-is-layout-flex\">\n<div class=\"wp-block-column is-layout-flow wp-block-column-is-layout-flow\" style=\"flex-basis:100%\"><\/div>\n<\/div>\n\n\n\n\n\n<div class=\"wp-block-group\"><div class=\"wp-block-group__inner-container is-layout-constrained wp-block-group-is-layout-constrained\">\n<div class=\"wp-block-columns is-layout-flex wp-container-core-columns-is-layout-9d6595d7 wp-block-columns-is-layout-flex\">\n<div class=\"wp-block-column is-layout-flow wp-block-column-is-layout-flow\"><\/div>\n\n\n\n<div class=\"wp-block-column is-layout-flow wp-block-column-is-layout-flow\"><\/div>\n<\/div>\n<\/div><\/div>\n\n\n\n<div data-wp-interactive=\"core\/file\" class=\"wp-block-file\"><object data-wp-bind--hidden=\"!state.hasPdfPreview\" hidden class=\"wp-block-file__embed\" data=\"https:\/\/islamiilimler.org.tr\/wp-content\/uploads\/2026\/02\/Amir-Dastmardi-Tasarim-kitap-kapak-isbn-1.pdf\" type=\"application\/pdf\" style=\"width:100%;height:200px\" aria-label=\"&lt;strong&gt;Amir Dastmardi&lt;\/strong&gt; -&lt;strong&gt;Kullan\u0131c\u0131 Deneyimi Tasar\u0131m\u0131n\u0131n Teorik Temelleri&lt;\/strong&gt;) g\u00f6m\u00fcs\u00fc.\"><\/object><a id=\"wp-block-file--media-e3dfe409-e720-4052-b7b5-efd46308f025\" href=\"https:\/\/islamiilimler.org.tr\/wp-content\/uploads\/2026\/02\/Amir-Dastmardi-Tasarim-kitap-kapak-isbn-1.pdf\"><strong>Amir Dastmardi<\/strong> &#8211;<strong>Kullan\u0131c\u0131 Deneyimi Tasar\u0131m\u0131n\u0131n Teorik Temelleri<\/strong>)<\/a><a href=\"https:\/\/islamiilimler.org.tr\/wp-content\/uploads\/2026\/02\/Amir-Dastmardi-Tasarim-kitap-kapak-isbn-1.pdf\" class=\"wp-block-file__button wp-element-button\" download aria-describedby=\"wp-block-file--media-e3dfe409-e720-4052-b7b5-efd46308f025\">\u0130ndir<\/a><\/div>\n<\/div><\/div>\n\n\n\n<hr class=\"wp-block-separator has-alpha-channel-opacity is-style-wide\"\/>\n\n\n\n<div class=\"wp-block-media-text alignwide is-stacked-on-mobile\" style=\"grid-template-columns:25% auto\"><figure class=\"wp-block-media-text__media\"><img loading=\"lazy\" decoding=\"async\" width=\"683\" height=\"1024\" src=\"https:\/\/islamiilimler.org.tr\/wp-content\/uploads\/2022\/11\/ULUSLARARASI-INSANDIN-VE-ERDEMLILIK-SEMPOZYUMU-683x1024.png\" alt=\"\" class=\"wp-image-1881 size-large\" srcset=\"https:\/\/islamiilimler.org.tr\/wp-content\/uploads\/2022\/11\/ULUSLARARASI-INSANDIN-VE-ERDEMLILIK-SEMPOZYUMU-683x1024.png 683w, https:\/\/islamiilimler.org.tr\/wp-content\/uploads\/2022\/11\/ULUSLARARASI-INSANDIN-VE-ERDEMLILIK-SEMPOZYUMU-200x300.png 200w, https:\/\/islamiilimler.org.tr\/wp-content\/uploads\/2022\/11\/ULUSLARARASI-INSANDIN-VE-ERDEMLILIK-SEMPOZYUMU-768x1152.png 768w, https:\/\/islamiilimler.org.tr\/wp-content\/uploads\/2022\/11\/ULUSLARARASI-INSANDIN-VE-ERDEMLILIK-SEMPOZYUMU-1024x1536.png 1024w, https:\/\/islamiilimler.org.tr\/wp-content\/uploads\/2022\/11\/ULUSLARARASI-INSANDIN-VE-ERDEMLILIK-SEMPOZYUMU-1365x2048.png 1365w, https:\/\/islamiilimler.org.tr\/wp-content\/uploads\/2022\/11\/ULUSLARARASI-INSANDIN-VE-ERDEMLILIK-SEMPOZYUMU-1200x1800.png 1200w\" sizes=\"auto, (max-width: 683px) 100vw, 683px\" \/><\/figure><div class=\"wp-block-media-text__content\">\n<p class=\"has-colibri-color-6-color has-text-color has-medium-font-size\">27 28 Ekim 2022 tarihinde Giresun \u00dcniversitesi \u0130slami \u0130limler Fak\u00fcltesi&#8217;nin payda\u015flar\u0131 ile birlikte d\u00fczenlemi\u015f oldu\u011fu Uluslararas\u0131 \u0130nsan, Din ve Erdemlilik Sempozyumu bildiri \u00f6zetleri kitab\u0131 yay\u0131na sunulmu\u015ftur.<\/p>\n\n\n\n<div class=\"wp-block-file\"><a id=\"wp-block-file--media-171649f9-4d44-4eb9-ae2e-16af8e211b7d\" href=\"https:\/\/islamiilimler.org.tr\/wp-content\/uploads\/2022\/11\/Insan-Din-ve-Erdemlilik-Sempozyumu-Ozet-Kitabi-.pdf\">Uluslararas\u0131 \u0130nsan Din ve Erdemlilik Sempozyumu \u00d6zet Kitab\u0131<br><br><\/a><a href=\"https:\/\/islamiilimler.org.tr\/wp-content\/uploads\/2022\/11\/Insan-Din-ve-Erdemlilik-Sempozyumu-Ozet-Kitabi-.pdf\" class=\"wp-block-file__button wp-element-button\" download aria-describedby=\"wp-block-file--media-171649f9-4d44-4eb9-ae2e-16af8e211b7d\"><strong><em>\u0130ndir<\/em><\/strong><\/a><\/div>\n<\/div><\/div>\n\n\n\n<hr class=\"wp-block-separator has-alpha-channel-opacity is-style-wide\"\/>\n\n\n\n<div class=\"wp-block-media-text alignwide is-stacked-on-mobile\" style=\"grid-template-columns:25% auto\"><figure class=\"wp-block-media-text__media\"><img loading=\"lazy\" decoding=\"async\" width=\"719\" height=\"1024\" src=\"https:\/\/islamiilimler.org.tr\/wp-content\/uploads\/2022\/12\/Kitap-Ismi-719x1024.png\" alt=\"\" class=\"wp-image-1934 size-large\" srcset=\"https:\/\/islamiilimler.org.tr\/wp-content\/uploads\/2022\/12\/Kitap-Ismi-719x1024.png 719w, https:\/\/islamiilimler.org.tr\/wp-content\/uploads\/2022\/12\/Kitap-Ismi-211x300.png 211w, https:\/\/islamiilimler.org.tr\/wp-content\/uploads\/2022\/12\/Kitap-Ismi-768x1094.png 768w, https:\/\/islamiilimler.org.tr\/wp-content\/uploads\/2022\/12\/Kitap-Ismi-1078x1536.png 1078w, https:\/\/islamiilimler.org.tr\/wp-content\/uploads\/2022\/12\/Kitap-Ismi-1438x2048.png 1438w, https:\/\/islamiilimler.org.tr\/wp-content\/uploads\/2022\/12\/Kitap-Ismi-1200x1709.png 1200w\" sizes=\"auto, (max-width: 719px) 100vw, 719px\" \/><\/figure><div class=\"wp-block-media-text__content\">\n<p class=\"has-colibri-color-6-color has-text-color has-medium-font-size\"><\/p>\n\n\n\n<div class=\"wp-block-file\"><a id=\"wp-block-file--media-171649f9-4d44-4eb9-ae2e-16af8e211b7d\" href=\"https:\/\/islamiilimler.org.tr\/wp-content\/uploads\/2022\/12\/Futuhuzilcelal.pdf\">\u0641\u062a\u0648\u062d \u0630\u064a \u0627\u0644\u062c\u0644\u0627\u0644 \u0628\u0634\u0631\u062d \u062a\u062d\u0641\u0629 \u0627\u0644\u0627\u0654\u0637\u0641\u0627\u0644<\/a><a href=\"https:\/\/islamiilimler.org.tr\/wp-content\/uploads\/2022\/12\/Futuhuzilcelal.pdf\" class=\"wp-block-file__button wp-element-button\" download aria-describedby=\"wp-block-file--media-171649f9-4d44-4eb9-ae2e-16af8e211b7d\"><strong><em>\u0130ndir<\/em><\/strong><\/a><\/div>\n<\/div><\/div>\n\n\n\n<hr class=\"wp-block-separator has-alpha-channel-opacity is-style-wide\"\/>\n\n\n\n<div class=\"wp-block-media-text alignwide is-stacked-on-mobile\" style=\"grid-template-columns:25% auto\"><figure class=\"wp-block-media-text__media\"><img loading=\"lazy\" decoding=\"async\" width=\"726\" height=\"1024\" src=\"https:\/\/islamiilimler.org.tr\/wp-content\/uploads\/2023\/05\/Ekran-Resmi-2023-05-05-13.40.56-726x1024.png\" alt=\"\" class=\"wp-image-2152 size-large\" srcset=\"https:\/\/islamiilimler.org.tr\/wp-content\/uploads\/2023\/05\/Ekran-Resmi-2023-05-05-13.40.56-726x1024.png 726w, https:\/\/islamiilimler.org.tr\/wp-content\/uploads\/2023\/05\/Ekran-Resmi-2023-05-05-13.40.56-213x300.png 213w, https:\/\/islamiilimler.org.tr\/wp-content\/uploads\/2023\/05\/Ekran-Resmi-2023-05-05-13.40.56-768x1083.png 768w, https:\/\/islamiilimler.org.tr\/wp-content\/uploads\/2023\/05\/Ekran-Resmi-2023-05-05-13.40.56.png 828w\" sizes=\"auto, (max-width: 726px) 100vw, 726px\" \/><\/figure><div class=\"wp-block-media-text__content\">\n<p class=\"has-colibri-color-6-color has-text-color has-medium-font-size\"><\/p>\n\n\n\n<div class=\"wp-block-file\"><a id=\"wp-block-file--media-171649f9-4d44-4eb9-ae2e-16af8e211b7d\" href=\"https:\/\/islamiilimler.org.tr\/wp-content\/uploads\/2023\/05\/IV.-Arapca-Sempozyumu.pdf\">IV. Uluslararas\u0131 Ana Dili Arap\u00e7a Olmayanlar \u0130\u00e7in G\u00fcn\u00fcm\u00fczde ve Gelecekte Arap\u00e7a Sempozyumu Bildiri Kitab\u0131 30-31 Aral\u0131k 2022<\/a><a href=\"https:\/\/islamiilimler.org.tr\/wp-content\/uploads\/2023\/05\/IV.-Arapca-Sempozyumu.pdf\" class=\"wp-block-file__button wp-element-button\" download aria-describedby=\"wp-block-file--media-171649f9-4d44-4eb9-ae2e-16af8e211b7d\"><strong><em>\u0130ndir<\/em><\/strong><\/a><\/div>\n<\/div><\/div>\n\n\n\n<hr class=\"wp-block-separator has-alpha-channel-opacity is-style-wide\"\/>\n\n\n\n<div class=\"wp-block-media-text alignwide is-stacked-on-mobile\" style=\"grid-template-columns:25% auto\"><figure class=\"wp-block-media-text__media\"><img loading=\"lazy\" decoding=\"async\" width=\"723\" height=\"1024\" src=\"https:\/\/islamiilimler.org.tr\/wp-content\/uploads\/2023\/12\/Ekran-Resmi-2023-12-28-13.23.10-723x1024.png\" alt=\"\" class=\"wp-image-2304 size-large\" srcset=\"https:\/\/islamiilimler.org.tr\/wp-content\/uploads\/2023\/12\/Ekran-Resmi-2023-12-28-13.23.10-723x1024.png 723w, https:\/\/islamiilimler.org.tr\/wp-content\/uploads\/2023\/12\/Ekran-Resmi-2023-12-28-13.23.10-212x300.png 212w, https:\/\/islamiilimler.org.tr\/wp-content\/uploads\/2023\/12\/Ekran-Resmi-2023-12-28-13.23.10-768x1088.png 768w, https:\/\/islamiilimler.org.tr\/wp-content\/uploads\/2023\/12\/Ekran-Resmi-2023-12-28-13.23.10-1084x1536.png 1084w, https:\/\/islamiilimler.org.tr\/wp-content\/uploads\/2023\/12\/Ekran-Resmi-2023-12-28-13.23.10-1200x1701.png 1200w, https:\/\/islamiilimler.org.tr\/wp-content\/uploads\/2023\/12\/Ekran-Resmi-2023-12-28-13.23.10.png 1208w\" sizes=\"auto, (max-width: 723px) 100vw, 723px\" \/><\/figure><div class=\"wp-block-media-text__content\">\n<p class=\"has-colibri-color-6-color has-text-color has-medium-font-size\"><strong>Kel\u00e2m Anabilim Dallar\u0131 26. Koordinasyon Toplant\u0131s\u0131 &#8211; \u0130nanc\u0131n Ahlak\u0131 Sempozyumu<\/strong><\/p>\n\n\n\n<div class=\"wp-block-file\"><a id=\"wp-block-file--media-171649f9-4d44-4eb9-ae2e-16af8e211b7d\" href=\"https:\/\/islamiilimler.org.tr\/wp-content\/uploads\/2023\/12\/Teblig-Ozetleri-Kelam-duzen.pdf\">Bildiri \u00d6zetleri<\/a><a href=\"https:\/\/islamiilimler.org.tr\/wp-content\/uploads\/2023\/12\/Teblig-Ozetleri-Kelam-duzen.pdf\" class=\"wp-block-file__button wp-element-button\" download aria-describedby=\"wp-block-file--media-171649f9-4d44-4eb9-ae2e-16af8e211b7d\"><strong><em>\u0130ndir<\/em><\/strong><\/a><\/div>\n<\/div><\/div>\n\n\n\n<hr class=\"wp-block-separator has-alpha-channel-opacity is-style-wide\"\/>\n\n\n\n<div class=\"wp-block-media-text alignwide is-stacked-on-mobile\" style=\"grid-template-columns:25% auto\"><figure class=\"wp-block-media-text__media\"><img loading=\"lazy\" decoding=\"async\" width=\"757\" height=\"1024\" src=\"https:\/\/islamiilimler.org.tr\/wp-content\/uploads\/2024\/03\/Ekran-Resmi-2024-03-06-18.52.30-757x1024.png\" alt=\"\" class=\"wp-image-2348 size-large\" srcset=\"https:\/\/islamiilimler.org.tr\/wp-content\/uploads\/2024\/03\/Ekran-Resmi-2024-03-06-18.52.30-757x1024.png 757w, https:\/\/islamiilimler.org.tr\/wp-content\/uploads\/2024\/03\/Ekran-Resmi-2024-03-06-18.52.30-222x300.png 222w, https:\/\/islamiilimler.org.tr\/wp-content\/uploads\/2024\/03\/Ekran-Resmi-2024-03-06-18.52.30-768x1039.png 768w, https:\/\/islamiilimler.org.tr\/wp-content\/uploads\/2024\/03\/Ekran-Resmi-2024-03-06-18.52.30.png 884w\" sizes=\"auto, (max-width: 757px) 100vw, 757px\" \/><\/figure><div class=\"wp-block-media-text__content\">\n<p class=\"has-colibri-color-6-color has-text-color has-medium-font-size\"><strong>Ge\u00e7mi\u015ften G\u00fcn\u00fcm\u00fcze Filistin Sempozyumu Bildiri \u00d6zetleri Kitab\u0131<\/strong><\/p>\n\n\n\n<div class=\"wp-block-file\"><a id=\"wp-block-file--media-171649f9-4d44-4eb9-ae2e-16af8e211b7d\" href=\"https:\/\/islamiilimler.org.tr\/wp-content\/uploads\/2024\/03\/Fil.-Semp.-Ozet-Kit-06.03.pdf\">Uluslararas\u0131 Ge\u00e7mi\u015ften G\u00fcn\u00fcm\u00fcze Filistin Sempozyumu Bildiri \u00d6zetleri Kitab\u0131<\/a><a href=\"https:\/\/islamiilimler.org.tr\/wp-content\/uploads\/2024\/03\/Fil.-Semp.-Ozet-Kit-06.03.pdf\" class=\"wp-block-file__button wp-element-button\" download aria-describedby=\"wp-block-file--media-171649f9-4d44-4eb9-ae2e-16af8e211b7d\"><strong><em>\u0130ndir<\/em><\/strong><\/a><\/div>\n<\/div><\/div>\n\n\n\n<h2 class=\"wp-block-heading\"><\/h2>\n\n\n\n<p><\/p>\n\n\n\n<p><\/p>\n\n\n\n<p><\/p>\n","protected":false},"excerpt":{"rendered":"","protected":false},"author":1,"featured_media":0,"parent":0,"menu_order":0,"comment_status":"closed","ping_status":"closed","template":"","meta":{"_starter_page_template":"","footnotes":""},"class_list":["post-1867","page","type-page","status-publish","hentry"],"yoast_head":"<!-- This site is optimized with the Yoast SEO plugin v27.3 - https:\/\/yoast.com\/product\/yoast-seo-wordpress\/ -->\n<title>Sempozyum Bildiri \u00d6zetleri Kitaplar\u0131 - Giresun \u0130slami \u0130limler Vakf\u0131<\/title>\n<meta name=\"robots\" content=\"index, follow, max-snippet:-1, max-image-preview:large, max-video-preview:-1\" \/>\n<link rel=\"canonical\" href=\"https:\/\/islamiilimler.org.tr\/?page_id=1867\" \/>\n<meta property=\"og:locale\" content=\"tr_TR\" \/>\n<meta property=\"og:type\" content=\"article\" \/>\n<meta property=\"og:title\" content=\"Sempozyum Bildiri \u00d6zetleri Kitaplar\u0131 - Giresun \u0130slami \u0130limler Vakf\u0131\" \/>\n<meta property=\"og:url\" content=\"https:\/\/islamiilimler.org.tr\/?page_id=1867\" \/>\n<meta property=\"og:site_name\" content=\"Giresun \u0130slami \u0130limler Vakf\u0131\" \/>\n<meta property=\"article:modified_time\" content=\"2026-02-03T20:51:57+00:00\" \/>\n<meta property=\"og:image\" content=\"https:\/\/islamiilimler.org.tr\/wp-content\/uploads\/2025\/12\/Ekran-goruntusu_30-12-2025_02955_.jpeg\" \/>\n\t<meta property=\"og:image:width\" content=\"505\" \/>\n\t<meta property=\"og:image:height\" content=\"715\" \/>\n\t<meta property=\"og:image:type\" content=\"image\/jpeg\" \/>\n<meta name=\"twitter:card\" content=\"summary_large_image\" \/>\n<meta name=\"twitter:label1\" content=\"Tahmini okuma s\u00fcresi\" \/>\n\t<meta name=\"twitter:data1\" content=\"4 dakika\" \/>\n<script type=\"application\/ld+json\" class=\"yoast-schema-graph\">{\"@context\":\"https:\\\/\\\/schema.org\",\"@graph\":[{\"@type\":\"WebPage\",\"@id\":\"https:\\\/\\\/islamiilimler.org.tr\\\/?page_id=1867\",\"url\":\"https:\\\/\\\/islamiilimler.org.tr\\\/?page_id=1867\",\"name\":\"Sempozyum Bildiri \u00d6zetleri Kitaplar\u0131 - Giresun \u0130slami \u0130limler Vakf\u0131\",\"isPartOf\":{\"@id\":\"https:\\\/\\\/islamiilimler.org.tr\\\/#website\"},\"primaryImageOfPage\":{\"@id\":\"https:\\\/\\\/islamiilimler.org.tr\\\/?page_id=1867#primaryimage\"},\"image\":{\"@id\":\"https:\\\/\\\/islamiilimler.org.tr\\\/?page_id=1867#primaryimage\"},\"thumbnailUrl\":\"https:\\\/\\\/islamiilimler.org.tr\\\/wp-content\\\/uploads\\\/2025\\\/12\\\/Ekran-goruntusu_30-12-2025_02955_.jpeg\",\"datePublished\":\"2022-11-17T18:35:10+00:00\",\"dateModified\":\"2026-02-03T20:51:57+00:00\",\"breadcrumb\":{\"@id\":\"https:\\\/\\\/islamiilimler.org.tr\\\/?page_id=1867#breadcrumb\"},\"inLanguage\":\"tr\",\"potentialAction\":[{\"@type\":\"ReadAction\",\"target\":[\"https:\\\/\\\/islamiilimler.org.tr\\\/?page_id=1867\"]}]},{\"@type\":\"ImageObject\",\"inLanguage\":\"tr\",\"@id\":\"https:\\\/\\\/islamiilimler.org.tr\\\/?page_id=1867#primaryimage\",\"url\":\"https:\\\/\\\/islamiilimler.org.tr\\\/wp-content\\\/uploads\\\/2025\\\/12\\\/Ekran-goruntusu_30-12-2025_02955_.jpeg\",\"contentUrl\":\"https:\\\/\\\/islamiilimler.org.tr\\\/wp-content\\\/uploads\\\/2025\\\/12\\\/Ekran-goruntusu_30-12-2025_02955_.jpeg\",\"width\":505,\"height\":715},{\"@type\":\"BreadcrumbList\",\"@id\":\"https:\\\/\\\/islamiilimler.org.tr\\\/?page_id=1867#breadcrumb\",\"itemListElement\":[{\"@type\":\"ListItem\",\"position\":1,\"name\":\"Anasayfa\",\"item\":\"https:\\\/\\\/islamiilimler.org.tr\\\/\"},{\"@type\":\"ListItem\",\"position\":2,\"name\":\"Sempozyum Bildiri \u00d6zetleri Kitaplar\u0131\"}]},{\"@type\":\"WebSite\",\"@id\":\"https:\\\/\\\/islamiilimler.org.tr\\\/#website\",\"url\":\"https:\\\/\\\/islamiilimler.org.tr\\\/\",\"name\":\"Giresun \u0130slami \u0130limler Vakf\u0131\",\"description\":\"Hac\u0131siyam Mahallesi Atat\u00fcrk Bulvar\u0131 Fatih Apartman\u0131 No 65\\\/2 Kat 1 Daire 2 Giresun \\\/ Merkez T\u00fcrkiye GSM 1: 0535 463 6904 GSM 2: 0505 581 3395\",\"publisher\":{\"@id\":\"https:\\\/\\\/islamiilimler.org.tr\\\/#organization\"},\"potentialAction\":[{\"@type\":\"SearchAction\",\"target\":{\"@type\":\"EntryPoint\",\"urlTemplate\":\"https:\\\/\\\/islamiilimler.org.tr\\\/?s={search_term_string}\"},\"query-input\":{\"@type\":\"PropertyValueSpecification\",\"valueRequired\":true,\"valueName\":\"search_term_string\"}}],\"inLanguage\":\"tr\"},{\"@type\":\"Organization\",\"@id\":\"https:\\\/\\\/islamiilimler.org.tr\\\/#organization\",\"name\":\"Giresun \u0130slami \u0130limler Vakf\u0131\",\"url\":\"https:\\\/\\\/islamiilimler.org.tr\\\/\",\"logo\":{\"@type\":\"ImageObject\",\"inLanguage\":\"tr\",\"@id\":\"https:\\\/\\\/islamiilimler.org.tr\\\/#\\\/schema\\\/logo\\\/image\\\/\",\"url\":\"https:\\\/\\\/islamiilimler.org.tr\\\/wp-content\\\/uploads\\\/2022\\\/09\\\/cropped-logo-1.png\",\"contentUrl\":\"https:\\\/\\\/islamiilimler.org.tr\\\/wp-content\\\/uploads\\\/2022\\\/09\\\/cropped-logo-1.png\",\"width\":1500,\"height\":1500,\"caption\":\"Giresun \u0130slami \u0130limler Vakf\u0131\"},\"image\":{\"@id\":\"https:\\\/\\\/islamiilimler.org.tr\\\/#\\\/schema\\\/logo\\\/image\\\/\"}}]}<\/script>\n<!-- \/ Yoast SEO plugin. -->","yoast_head_json":{"title":"Sempozyum Bildiri \u00d6zetleri Kitaplar\u0131 - Giresun \u0130slami \u0130limler Vakf\u0131","robots":{"index":"index","follow":"follow","max-snippet":"max-snippet:-1","max-image-preview":"max-image-preview:large","max-video-preview":"max-video-preview:-1"},"canonical":"https:\/\/islamiilimler.org.tr\/?page_id=1867","og_locale":"tr_TR","og_type":"article","og_title":"Sempozyum Bildiri \u00d6zetleri Kitaplar\u0131 - Giresun \u0130slami \u0130limler Vakf\u0131","og_url":"https:\/\/islamiilimler.org.tr\/?page_id=1867","og_site_name":"Giresun \u0130slami \u0130limler Vakf\u0131","article_modified_time":"2026-02-03T20:51:57+00:00","og_image":[{"width":505,"height":715,"url":"https:\/\/islamiilimler.org.tr\/wp-content\/uploads\/2025\/12\/Ekran-goruntusu_30-12-2025_02955_.jpeg","type":"image\/jpeg"}],"twitter_card":"summary_large_image","twitter_misc":{"Tahmini okuma s\u00fcresi":"4 dakika"},"schema":{"@context":"https:\/\/schema.org","@graph":[{"@type":"WebPage","@id":"https:\/\/islamiilimler.org.tr\/?page_id=1867","url":"https:\/\/islamiilimler.org.tr\/?page_id=1867","name":"Sempozyum Bildiri \u00d6zetleri Kitaplar\u0131 - Giresun \u0130slami \u0130limler Vakf\u0131","isPartOf":{"@id":"https:\/\/islamiilimler.org.tr\/#website"},"primaryImageOfPage":{"@id":"https:\/\/islamiilimler.org.tr\/?page_id=1867#primaryimage"},"image":{"@id":"https:\/\/islamiilimler.org.tr\/?page_id=1867#primaryimage"},"thumbnailUrl":"https:\/\/islamiilimler.org.tr\/wp-content\/uploads\/2025\/12\/Ekran-goruntusu_30-12-2025_02955_.jpeg","datePublished":"2022-11-17T18:35:10+00:00","dateModified":"2026-02-03T20:51:57+00:00","breadcrumb":{"@id":"https:\/\/islamiilimler.org.tr\/?page_id=1867#breadcrumb"},"inLanguage":"tr","potentialAction":[{"@type":"ReadAction","target":["https:\/\/islamiilimler.org.tr\/?page_id=1867"]}]},{"@type":"ImageObject","inLanguage":"tr","@id":"https:\/\/islamiilimler.org.tr\/?page_id=1867#primaryimage","url":"https:\/\/islamiilimler.org.tr\/wp-content\/uploads\/2025\/12\/Ekran-goruntusu_30-12-2025_02955_.jpeg","contentUrl":"https:\/\/islamiilimler.org.tr\/wp-content\/uploads\/2025\/12\/Ekran-goruntusu_30-12-2025_02955_.jpeg","width":505,"height":715},{"@type":"BreadcrumbList","@id":"https:\/\/islamiilimler.org.tr\/?page_id=1867#breadcrumb","itemListElement":[{"@type":"ListItem","position":1,"name":"Anasayfa","item":"https:\/\/islamiilimler.org.tr\/"},{"@type":"ListItem","position":2,"name":"Sempozyum Bildiri \u00d6zetleri Kitaplar\u0131"}]},{"@type":"WebSite","@id":"https:\/\/islamiilimler.org.tr\/#website","url":"https:\/\/islamiilimler.org.tr\/","name":"Giresun \u0130slami \u0130limler Vakf\u0131","description":"Hac\u0131siyam Mahallesi Atat\u00fcrk Bulvar\u0131 Fatih Apartman\u0131 No 65\/2 Kat 1 Daire 2 Giresun \/ Merkez T\u00fcrkiye GSM 1: 0535 463 6904 GSM 2: 0505 581 3395","publisher":{"@id":"https:\/\/islamiilimler.org.tr\/#organization"},"potentialAction":[{"@type":"SearchAction","target":{"@type":"EntryPoint","urlTemplate":"https:\/\/islamiilimler.org.tr\/?s={search_term_string}"},"query-input":{"@type":"PropertyValueSpecification","valueRequired":true,"valueName":"search_term_string"}}],"inLanguage":"tr"},{"@type":"Organization","@id":"https:\/\/islamiilimler.org.tr\/#organization","name":"Giresun \u0130slami \u0130limler Vakf\u0131","url":"https:\/\/islamiilimler.org.tr\/","logo":{"@type":"ImageObject","inLanguage":"tr","@id":"https:\/\/islamiilimler.org.tr\/#\/schema\/logo\/image\/","url":"https:\/\/islamiilimler.org.tr\/wp-content\/uploads\/2022\/09\/cropped-logo-1.png","contentUrl":"https:\/\/islamiilimler.org.tr\/wp-content\/uploads\/2022\/09\/cropped-logo-1.png","width":1500,"height":1500,"caption":"Giresun \u0130slami \u0130limler Vakf\u0131"},"image":{"@id":"https:\/\/islamiilimler.org.tr\/#\/schema\/logo\/image\/"}}]}},"_links":{"self":[{"href":"https:\/\/islamiilimler.org.tr\/index.php?rest_route=\/wp\/v2\/pages\/1867","targetHints":{"allow":["GET"]}}],"collection":[{"href":"https:\/\/islamiilimler.org.tr\/index.php?rest_route=\/wp\/v2\/pages"}],"about":[{"href":"https:\/\/islamiilimler.org.tr\/index.php?rest_route=\/wp\/v2\/types\/page"}],"author":[{"embeddable":true,"href":"https:\/\/islamiilimler.org.tr\/index.php?rest_route=\/wp\/v2\/users\/1"}],"replies":[{"embeddable":true,"href":"https:\/\/islamiilimler.org.tr\/index.php?rest_route=%2Fwp%2Fv2%2Fcomments&post=1867"}],"version-history":[{"count":41,"href":"https:\/\/islamiilimler.org.tr\/index.php?rest_route=\/wp\/v2\/pages\/1867\/revisions"}],"predecessor-version":[{"id":2615,"href":"https:\/\/islamiilimler.org.tr\/index.php?rest_route=\/wp\/v2\/pages\/1867\/revisions\/2615"}],"wp:attachment":[{"href":"https:\/\/islamiilimler.org.tr\/index.php?rest_route=%2Fwp%2Fv2%2Fmedia&parent=1867"}],"curies":[{"name":"wp","href":"https:\/\/api.w.org\/{rel}","templated":true}]}}